{"id":980,"date":"2025-08-06T19:51:45","date_gmt":"2025-08-06T20:51:45","guid":{"rendered":"https:\/\/nightanimation.com\/?page_id=980"},"modified":"2026-02-27T07:04:46","modified_gmt":"2026-02-27T08:04:46","slug":"borne-a-selfie-photobooth","status":"publish","type":"page","link":"https:\/\/nightanimation.com\/?page_id=980","title":{"rendered":"Borne \u00e0 selfie\/Photobooth"},"content":{"rendered":"<div dir=\"auto\"><img loading=\"lazy\" decoding=\"async\" class=\"wp-image-982 alignleft\" src=\"https:\/\/nightanimation.com\/wp-content\/uploads\/2025\/08\/WhatsApp-Image-2025-07-20-a-12.48.19_dabe3e23.jpg\" alt=\"\" width=\"205\" height=\"444\" srcset=\"https:\/\/nightanimation.com\/wp-content\/uploads\/2025\/08\/WhatsApp-Image-2025-07-20-a-12.48.19_dabe3e23.jpg 739w, https:\/\/nightanimation.com\/wp-content\/uploads\/2025\/08\/WhatsApp-Image-2025-07-20-a-12.48.19_dabe3e23-139x300.jpg 139w, https:\/\/nightanimation.com\/wp-content\/uploads\/2025\/08\/WhatsApp-Image-2025-07-20-a-12.48.19_dabe3e23-473x1024.jpg 473w, https:\/\/nightanimation.com\/wp-content\/uploads\/2025\/08\/WhatsApp-Image-2025-07-20-a-12.48.19_dabe3e23-709x1536.jpg 709w\" sizes=\"(max-width: 205px) 100vw, 205px\" \/><\/div>\n<div dir=\"auto\">Maintenant disponible \u00e0 la location, notre photobooth \u00e9l\u00e9gant, simple et facile d&rsquo;utilisation ! Il sera parfait pour apporter une touche personnelle \u00e0 vos photos souvenirs \ud83d\udcf7<\/div>\n<div dir=\"auto\">Avec ou sans tirages instantan\u00e9s ; vous pourrez ainsi d\u00e9gainer vos meilleurs selfies \ud83e\udef6\ud83c\udffb<\/div>\n<div dir=\"auto\"><\/div>\n<div dir=\"auto\">En ce moment, nous proposons une offre promotionnelle pour tout client souhaitant r\u00e9server une prestation DJ + photobooth \ud83d\udcf7<\/div>\n<div dir=\"auto\"><\/div>\n<div dir=\"auto\">Possibilit\u00e9 de venir dans nos locaux pour effectuer des essais avant le jour J pour finir de vous convaincre que notre photobooth est de\u00a0 full qualit\u00e9 \ud83d\ude0d<\/div>\n<div dir=\"auto\"><\/div>\n<div dir=\"auto\">Nous sommes situ\u00e9s dans l&rsquo;Ain \u00e0 l&rsquo;est de Lyon. Nous louons notre borne \u00e0 selfie dans tout le d\u00e9partement de l&rsquo;Ain, du Rh\u00f4ne et du Nord Is\u00e8re. Donc de Lyon \u00e0 Bourg-en-Bresse en passant par Amberieu-en-Bugey, les Dombes, Bourgoin-Jallieu,\u00a0 Meximieux, ou encore Belley et la bas-Bugey<\/div>\n<div dir=\"auto\"><\/div>\n<div dir=\"auto\"><\/div>\n<div dir=\"auto\"><\/div>\n<div dir=\"auto\">Nous proposons plusieurs formules<\/div>\n<div dir=\"auto\"><\/div>\n<div dir=\"auto\"><\/div>\n<div dir=\"auto\"><span style=\"text-decoration: underline;\">Formule essentielle<\/span><\/div>\n<div dir=\"auto\">100% num\u00e9rique<\/div>\n<div dir=\"auto\">cadre personnalis\u00e9<\/div>\n<div dir=\"auto\"><strong>199\u20ac TTC<\/strong><\/div>\n<div dir=\"auto\"><\/div>\n<div dir=\"auto\"><\/div>\n<div dir=\"auto\"><span style=\"text-decoration: underline;\">Formule premium<\/span><\/div>\n<div dir=\"auto\">200 Impressions instantan\u00e9es<\/div>\n<div dir=\"auto\">1000 Photos num\u00e9riques<\/div>\n<div dir=\"auto\">Cadre personnalis\u00e9<\/div>\n<div dir=\"auto\">Cl\u00e9 USB avec toutes les photos fournies<\/div>\n<div dir=\"auto\"><strong>249\u20ac TTC<\/strong><\/div>\n<div dir=\"auto\"><\/div>\n<div dir=\"auto\"><\/div>\n<div dir=\"auto\"><span style=\"text-decoration: underline;\">Formule privil\u00e8ge<\/span><\/div>\n<div dir=\"auto\">400 Impressions instantan\u00e9es<\/div>\n<div dir=\"auto\">1000 Photos num\u00e9riques<\/div>\n<div dir=\"auto\">Cadre personnalis\u00e9<\/div>\n<div dir=\"auto\">Cl\u00e9 USB avec toutes les photos fournies<\/div>\n<div dir=\"auto\"><strong>299\u20ac TTC<\/strong><\/div>\n","protected":false},"excerpt":{"rendered":"<p>Maintenant disponible \u00e0 la location, notre photobooth \u00e9l\u00e9gant, simple et facile d&rsquo;utilisation ! Il sera parfait pour apporter une touche personnelle \u00e0 vos photos souvenirs \ud83d\udcf7 Avec ou sans tirages &hellip; <\/p>\n<p class=\"link-more\"><a href=\"https:\/\/nightanimation.com\/?page_id=980\" class=\"more-link\">Continuer la lecture<span class=\"screen-reader-text\"> de &laquo;&nbsp;Borne \u00e0 selfie\/Photobooth&nbsp;&raquo;<\/span><\/a><\/p>\n","protected":false},"author":1,"featured_media":0,"parent":422,"menu_order":0,"comment_status":"closed","ping_status":"closed","template":"","meta":{"footnotes":""},"class_list":["post-980","page","type-page","status-publish","hentry"],"_links":{"self":[{"href":"https:\/\/nightanimation.com\/index.php?rest_route=\/wp\/v2\/pages\/980"}],"collection":[{"href":"https:\/\/nightanimation.com\/index.php?rest_route=\/wp\/v2\/pages"}],"about":[{"href":"https:\/\/nightanimation.com\/index.php?rest_route=\/wp\/v2\/types\/page"}],"author":[{"embeddable":true,"href":"https:\/\/nightanimation.com\/index.php?rest_route=\/wp\/v2\/users\/1"}],"replies":[{"embeddable":true,"href":"https:\/\/nightanimation.com\/index.php?rest_route=%2Fwp%2Fv2%2Fcomments&post=980"}],"version-history":[{"count":8,"href":"https:\/\/nightanimation.com\/index.php?rest_route=\/wp\/v2\/pages\/980\/revisions"}],"predecessor-version":[{"id":991,"href":"https:\/\/nightanimation.com\/index.php?rest_route=\/wp\/v2\/pages\/980\/revisions\/991"}],"up":[{"embeddable":true,"href":"https:\/\/nightanimation.com\/index.php?rest_route=\/wp\/v2\/pages\/422"}],"wp:attachment":[{"href":"https:\/\/nightanimation.com\/index.php?rest_route=%2Fwp%2Fv2%2Fmedia&parent=980"}],"curies":[{"name":"wp","href":"https:\/\/api.w.org\/{rel}","templated":true}]}}