{"id":877,"date":"2024-04-07T17:02:54","date_gmt":"2024-04-07T18:02:54","guid":{"rendered":"https:\/\/nightanimation.com\/?page_id=877"},"modified":"2025-03-11T19:53:36","modified_gmt":"2025-03-11T20:53:36","slug":"gala-de-danse","status":"publish","type":"page","link":"https:\/\/nightanimation.com\/?page_id=877","title":{"rendered":"Gala de danse"},"content":{"rendered":"<p><img loading=\"lazy\" decoding=\"async\" class=\"aligncenter size-full wp-image-828\" src=\"https:\/\/nightanimation.com\/wp-content\/uploads\/2024\/04\/WhatsApp-Image-2024-04-06-a-13.24.03_7727b9f8.jpg\" alt=\"\" width=\"1600\" height=\"720\" srcset=\"https:\/\/nightanimation.com\/wp-content\/uploads\/2024\/04\/WhatsApp-Image-2024-04-06-a-13.24.03_7727b9f8.jpg 1600w, https:\/\/nightanimation.com\/wp-content\/uploads\/2024\/04\/WhatsApp-Image-2024-04-06-a-13.24.03_7727b9f8-300x135.jpg 300w, https:\/\/nightanimation.com\/wp-content\/uploads\/2024\/04\/WhatsApp-Image-2024-04-06-a-13.24.03_7727b9f8-1024x461.jpg 1024w, https:\/\/nightanimation.com\/wp-content\/uploads\/2024\/04\/WhatsApp-Image-2024-04-06-a-13.24.03_7727b9f8-768x346.jpg 768w, https:\/\/nightanimation.com\/wp-content\/uploads\/2024\/04\/WhatsApp-Image-2024-04-06-a-13.24.03_7727b9f8-1536x691.jpg 1536w\" sizes=\"(max-width: 767px) 89vw, (max-width: 1000px) 54vw, (max-width: 1071px) 543px, 580px\" \/><\/p>\n<p>Au fil des ann\u00e9es Night Animation Events c&rsquo;est sp\u00e9cialis\u00e9 dans les galas de danse.\u00a0 Nous mettons notre savoir faire technique \u00e0 disposition de tous les clubs de danse pour\u00a0 un rendu de qualit\u00e9 ce qui permet une r\u00e9elle r\u00e9ussite \u00e0 nos clients.<\/p>\n<p>Nous poss\u00e9dons un grand parc de mat\u00e9riel de sonorisation, d&rsquo;\u00e9clairages professionnels, et d&rsquo;effets sp\u00e9ciaux, ce qui nous conf\u00e8re une grande capacit\u00e9 d&rsquo;adaptation, et cela peu importe la salle o\u00f9 se d\u00e9roule le gala.<\/p>\n<p><span style=\"font-size: 14pt;\"><strong>Contactez-nous pour profiter de nos tarifs sur mesure<\/strong><\/span><\/p>\n<p>Dans la r\u00e9gion de Amb\u00e9rieu-en-Bugey, Belley, Bourgoin-Jallieu, Bourg-en-Bresse, Lyon, Grenoble &#8230;<\/p>\n<p>ILS NOUS FONT CONFIANCE !<\/p>\n<p>DCV dance club villieu<\/p>\n<p><a href=\"https:\/\/www.movedance.club\/about-1-1\" target=\"_blank\" rel=\"noopener\"><img loading=\"lazy\" decoding=\"async\" class=\"alignnone wp-image-965\" src=\"https:\/\/nightanimation.com\/wp-content\/uploads\/2025\/03\/480545602_1111331631004883_5432057642580829433_n.jpg\" alt=\"\" width=\"127\" height=\"127\" srcset=\"https:\/\/nightanimation.com\/wp-content\/uploads\/2025\/03\/480545602_1111331631004883_5432057642580829433_n.jpg 960w, https:\/\/nightanimation.com\/wp-content\/uploads\/2025\/03\/480545602_1111331631004883_5432057642580829433_n-300x300.jpg 300w, https:\/\/nightanimation.com\/wp-content\/uploads\/2025\/03\/480545602_1111331631004883_5432057642580829433_n-150x150.jpg 150w, https:\/\/nightanimation.com\/wp-content\/uploads\/2025\/03\/480545602_1111331631004883_5432057642580829433_n-768x766.jpg 768w, https:\/\/nightanimation.com\/wp-content\/uploads\/2025\/03\/480545602_1111331631004883_5432057642580829433_n-100x100.jpg 100w\" sizes=\"(max-width: 127px) 100vw, 127px\" \/><\/a><\/p>\n<p>Move dance<\/p>\n<p><a href=\"https:\/\/www.movedance.club\/\" target=\"_blank\" rel=\"noopener\"><img loading=\"lazy\" decoding=\"async\" class=\"alignnone wp-image-966\" src=\"https:\/\/nightanimation.com\/wp-content\/uploads\/2025\/03\/453478833_1019635943499011_9117613704427582472_n.jpg\" alt=\"\" width=\"112\" height=\"71\" srcset=\"https:\/\/nightanimation.com\/wp-content\/uploads\/2025\/03\/453478833_1019635943499011_9117613704427582472_n.jpg 2000w, https:\/\/nightanimation.com\/wp-content\/uploads\/2025\/03\/453478833_1019635943499011_9117613704427582472_n-300x190.jpg 300w, https:\/\/nightanimation.com\/wp-content\/uploads\/2025\/03\/453478833_1019635943499011_9117613704427582472_n-1024x649.jpg 1024w, https:\/\/nightanimation.com\/wp-content\/uploads\/2025\/03\/453478833_1019635943499011_9117613704427582472_n-768x487.jpg 768w, https:\/\/nightanimation.com\/wp-content\/uploads\/2025\/03\/453478833_1019635943499011_9117613704427582472_n-1536x973.jpg 1536w\" sizes=\"(max-width: 112px) 100vw, 112px\" \/><\/a><\/p>\n","protected":false},"excerpt":{"rendered":"<p>Au fil des ann\u00e9es Night Animation Events c&rsquo;est sp\u00e9cialis\u00e9 dans les galas de danse.\u00a0 Nous mettons notre savoir faire technique \u00e0 disposition de tous les clubs de danse pour\u00a0 un &hellip; <\/p>\n<p class=\"link-more\"><a href=\"https:\/\/nightanimation.com\/?page_id=877\" class=\"more-link\">Continuer la lecture<span class=\"screen-reader-text\"> de &laquo;&nbsp;Gala de danse&nbsp;&raquo;<\/span><\/a><\/p>\n","protected":false},"author":1,"featured_media":0,"parent":0,"menu_order":0,"comment_status":"closed","ping_status":"closed","template":"","meta":{"footnotes":""},"class_list":["post-877","page","type-page","status-publish","hentry"],"_links":{"self":[{"href":"https:\/\/nightanimation.com\/index.php?rest_route=\/wp\/v2\/pages\/877"}],"collection":[{"href":"https:\/\/nightanimation.com\/index.php?rest_route=\/wp\/v2\/pages"}],"about":[{"href":"https:\/\/nightanimation.com\/index.php?rest_route=\/wp\/v2\/types\/page"}],"author":[{"embeddable":true,"href":"https:\/\/nightanimation.com\/index.php?rest_route=\/wp\/v2\/users\/1"}],"replies":[{"embeddable":true,"href":"https:\/\/nightanimation.com\/index.php?rest_route=%2Fwp%2Fv2%2Fcomments&post=877"}],"version-history":[{"count":8,"href":"https:\/\/nightanimation.com\/index.php?rest_route=\/wp\/v2\/pages\/877\/revisions"}],"predecessor-version":[{"id":968,"href":"https:\/\/nightanimation.com\/index.php?rest_route=\/wp\/v2\/pages\/877\/revisions\/968"}],"wp:attachment":[{"href":"https:\/\/nightanimation.com\/index.php?rest_route=%2Fwp%2Fv2%2Fmedia&parent=877"}],"curies":[{"name":"wp","href":"https:\/\/api.w.org\/{rel}","templated":true}]}}