{"id":451,"date":"2020-05-07T18:01:14","date_gmt":"2020-05-07T19:01:14","guid":{"rendered":"http:\/\/nightanimation.com\/?page_id=451"},"modified":"2024-04-07T17:29:02","modified_gmt":"2024-04-07T18:29:02","slug":"commercial","status":"publish","type":"page","link":"https:\/\/nightanimation.com\/?page_id=451","title":{"rendered":"Sonorisation d&rsquo;\u00e9v\u00e8nements"},"content":{"rendered":"\r\n<p>&nbsp;<\/p>\r\n<figure id=\"attachment_845\" aria-describedby=\"caption-attachment-845\" style=\"width: 122px\" class=\"wp-caption aligncenter\"><img loading=\"lazy\" decoding=\"async\" class=\" wp-image-845\" src=\"https:\/\/nightanimation.com\/wp-content\/uploads\/2024\/04\/WhatsApp-Image-2024-04-06-a-14.22.28_899444f2.jpg\" alt=\"\" width=\"122\" height=\"272\" srcset=\"https:\/\/nightanimation.com\/wp-content\/uploads\/2024\/04\/WhatsApp-Image-2024-04-06-a-14.22.28_899444f2.jpg 720w, https:\/\/nightanimation.com\/wp-content\/uploads\/2024\/04\/WhatsApp-Image-2024-04-06-a-14.22.28_899444f2-135x300.jpg 135w, https:\/\/nightanimation.com\/wp-content\/uploads\/2024\/04\/WhatsApp-Image-2024-04-06-a-14.22.28_899444f2-461x1024.jpg 461w, https:\/\/nightanimation.com\/wp-content\/uploads\/2024\/04\/WhatsApp-Image-2024-04-06-a-14.22.28_899444f2-691x1536.jpg 691w\" sizes=\"(max-width: 122px) 100vw, 122px\" \/><figcaption id=\"caption-attachment-845\" class=\"wp-caption-text\">sonorisation march\u00e9 de no\u00ebl<\/figcaption><\/figure>\r\n<p><span style=\"color: #000000;\">Night Animation Events est le sp\u00e9cialiste pour vous aider \u00e0 dynamiser vos pr\u00e9sentations ou lancements de produits !<\/span><br \/><span style=\"color: #000000;\">Concession automobile, grande surface, galerie marchande, salon &amp; foire:<\/span><br \/><span style=\"color: #000000;\">nous avons la voix qu\u2019il vous faut !<\/span><br \/><span style=\"color: #000000;\">Animateur &amp; Speaker, animation commerciale, voix OFF, chauffeur de salle ou encore animateur sportif &#8230;<\/span><br \/><span style=\"color: #000000;\">Nous sommes l\u00e0 pour adapter la communication \u00e0 votre client\u00e8le pour plus de proximit\u00e9 et rendre \u00ab vivant \u00bb vos \u00e9v\u00e8nements.<\/span><\/p>\r\n<p>Sonorisation et animation d&rsquo;\u00e9v\u00e8nements dans la r\u00e9gion de Amb\u00e9rieu-en-Bugey, Belley, Bourgoin-Jallieu, Bourg-en-Bresse, Lyon, Grenoble &#8230;<\/p>\r\n<p>&nbsp;<\/p>\r\n<p><span style=\"color: #000000;\">DEVIS GRATUIT ET SUR MESURE !<\/span><\/p>\r\n<p><span style=\"color: #000000;\">Mail : contact@nightanimation.fr<\/span><\/p>\r\n<p><span style=\"color: #000000;\">Tel : 06-09-78-64-00<\/span><\/p>\r\n","protected":false},"excerpt":{"rendered":"<p>&nbsp; Night Animation Events est le sp\u00e9cialiste pour vous aider \u00e0 dynamiser vos pr\u00e9sentations ou lancements de produits !Concession automobile, grande surface, galerie marchande, salon &amp; foire:nous avons la voix &hellip; <\/p>\n<p class=\"link-more\"><a href=\"https:\/\/nightanimation.com\/?page_id=451\" class=\"more-link\">Continuer la lecture<span class=\"screen-reader-text\"> de &laquo;&nbsp;Sonorisation d&rsquo;\u00e9v\u00e8nements&nbsp;&raquo;<\/span><\/a><\/p>\n","protected":false},"author":1,"featured_media":0,"parent":422,"menu_order":0,"comment_status":"closed","ping_status":"closed","template":"","meta":{"footnotes":""},"class_list":["post-451","page","type-page","status-publish","hentry"],"_links":{"self":[{"href":"https:\/\/nightanimation.com\/index.php?rest_route=\/wp\/v2\/pages\/451"}],"collection":[{"href":"https:\/\/nightanimation.com\/index.php?rest_route=\/wp\/v2\/pages"}],"about":[{"href":"https:\/\/nightanimation.com\/index.php?rest_route=\/wp\/v2\/types\/page"}],"author":[{"embeddable":true,"href":"https:\/\/nightanimation.com\/index.php?rest_route=\/wp\/v2\/users\/1"}],"replies":[{"embeddable":true,"href":"https:\/\/nightanimation.com\/index.php?rest_route=%2Fwp%2Fv2%2Fcomments&post=451"}],"version-history":[{"count":14,"href":"https:\/\/nightanimation.com\/index.php?rest_route=\/wp\/v2\/pages\/451\/revisions"}],"predecessor-version":[{"id":893,"href":"https:\/\/nightanimation.com\/index.php?rest_route=\/wp\/v2\/pages\/451\/revisions\/893"}],"up":[{"embeddable":true,"href":"https:\/\/nightanimation.com\/index.php?rest_route=\/wp\/v2\/pages\/422"}],"wp:attachment":[{"href":"https:\/\/nightanimation.com\/index.php?rest_route=%2Fwp%2Fv2%2Fmedia&parent=451"}],"curies":[{"name":"wp","href":"https:\/\/api.w.org\/{rel}","templated":true}]}}