{"id":168,"date":"2018-12-28T00:12:24","date_gmt":"2018-12-28T01:12:24","guid":{"rendered":"http:\/\/nightanimation.com\/?page_id=168"},"modified":"2024-09-17T06:39:59","modified_gmt":"2024-09-17T07:39:59","slug":"location","status":"publish","type":"page","link":"https:\/\/nightanimation.com\/?page_id=168","title":{"rendered":"Location"},"content":{"rendered":"<p style=\"text-align: center;\"><span style=\"color: #000000;\"><strong>Retrouvez l&rsquo;ensemble de nos produits en location !<\/strong><\/span><\/p>\n<p>Location de mat\u00e9riel audiovisuel dans la r\u00e9gion de Amb\u00e9rieu-en-Bugey, Belley, Bourgoin-Jallieu, Bourg-en-Bresse, Lyon, Grenoble &#8230;<\/p>\n<p><span style=\"color: #000000;\"><a style=\"color: #000000;\" href=\"https:\/\/nightanimation.com\/?page_id=709\"><span style=\"text-decoration: underline;\">La sonorisation :<\/span><\/a><\/span><\/p>\n<p><span style=\"color: #000000;\">De la diffusion au mix, en passant par les micros ou tous p\u00e9riph\u00e9riques audios, retrouvez un catalogue complet !<\/span><\/p>\n<p><span style=\"color: #000000;\"><a style=\"color: #000000;\" href=\"https:\/\/nightanimation.com\/?page_id=709\"><img loading=\"lazy\" decoding=\"async\" class=\"aligncenter wp-image-275\" src=\"https:\/\/nightanimation.com\/wp-content\/uploads\/2018\/12\/Screenshot_2018-12-30-RCF-ART-715-A-MK-IV-1.png\" alt=\"\" width=\"149\" height=\"175\" srcset=\"https:\/\/nightanimation.com\/wp-content\/uploads\/2018\/12\/Screenshot_2018-12-30-RCF-ART-715-A-MK-IV-1.png 547w, https:\/\/nightanimation.com\/wp-content\/uploads\/2018\/12\/Screenshot_2018-12-30-RCF-ART-715-A-MK-IV-1-254x300.png 254w\" sizes=\"(max-width: 149px) 100vw, 149px\" \/><\/a><\/span><\/p>\n<p><span style=\"color: #000000;\"><a style=\"color: #000000;\" href=\"https:\/\/nightanimation.com\/?page_id=713\"><span style=\"text-decoration: underline;\">Lumi\u00e8res :<\/span><\/a><\/span><\/p>\n<p><span style=\"color: #000000;\">\u00c9clairages traditionnels ou robots de derni\u00e8re g\u00e9n\u00e9ration, nous mettons \u00e0 votre disposition un immense parc de mat\u00e9riel !<\/span><\/p>\n<p><span style=\"color: #000000;\"><a style=\"color: #000000;\" href=\"https:\/\/nightanimation.com\/?page_id=713\"><img loading=\"lazy\" decoding=\"async\" class=\"aligncenter wp-image-274\" src=\"https:\/\/nightanimation.com\/wp-content\/uploads\/2018\/12\/lyre.jpg\" alt=\"\" width=\"161\" height=\"153\" srcset=\"https:\/\/nightanimation.com\/wp-content\/uploads\/2018\/12\/lyre.jpg 485w, https:\/\/nightanimation.com\/wp-content\/uploads\/2018\/12\/lyre-300x285.jpg 300w\" sizes=\"(max-width: 161px) 100vw, 161px\" \/><\/a><\/span><\/p>\n<p>&nbsp;<\/p>\n<p><span style=\"color: #000000;\"><a style=\"color: #000000;\" href=\"https:\/\/nightanimation.com\/?page_id=716\"><span style=\"text-decoration: underline;\">Effets sp\u00e9ciaux :<\/span><\/a><\/span><\/p>\n<p><span style=\"color: #000000;\">Poss\u00e9dant un parc d&rsquo;effets sp\u00e9ciaux en plein essor, nous serons capables de vous fournir l&rsquo;effet souhait\u00e9 ! CO2, flammes, confettis, mousse, neige, fum\u00e9e etc &#8230;<\/span><\/p>\n<p><span style=\"color: #000000;\"><a style=\"color: #000000;\" href=\"https:\/\/nightanimation.com\/?page_id=716\"><img loading=\"lazy\" decoding=\"async\" class=\"aligncenter wp-image-909\" src=\"https:\/\/nightanimation.com\/wp-content\/uploads\/2024\/04\/WhatsApp-Image-2024-04-06-a-14.03.31_bfe64884.jpg\" alt=\"\" width=\"318\" height=\"143\" srcset=\"https:\/\/nightanimation.com\/wp-content\/uploads\/2024\/04\/WhatsApp-Image-2024-04-06-a-14.03.31_bfe64884.jpg 1600w, https:\/\/nightanimation.com\/wp-content\/uploads\/2024\/04\/WhatsApp-Image-2024-04-06-a-14.03.31_bfe64884-300x135.jpg 300w, https:\/\/nightanimation.com\/wp-content\/uploads\/2024\/04\/WhatsApp-Image-2024-04-06-a-14.03.31_bfe64884-1024x461.jpg 1024w, https:\/\/nightanimation.com\/wp-content\/uploads\/2024\/04\/WhatsApp-Image-2024-04-06-a-14.03.31_bfe64884-768x346.jpg 768w, https:\/\/nightanimation.com\/wp-content\/uploads\/2024\/04\/WhatsApp-Image-2024-04-06-a-14.03.31_bfe64884-1536x691.jpg 1536w\" sizes=\"(max-width: 318px) 100vw, 318px\" \/><\/a><\/span><\/p>\n<p><span style=\"color: #000000;\"><a style=\"color: #000000;\" href=\"https:\/\/nightanimation.com\/?page_id=718\"><span style=\"text-decoration: underline;\">Sc\u00e9nique \/ pieds :<\/span><\/a><\/span><\/p>\n<p><span style=\"color: #000000;\">\u00c9l\u00e9vation, structures, accroches &#8230; Nous disposons de tout ce dont vous avez besoin pour monter une sc\u00e8ne hors du commun !<br \/>\n<\/span><\/p>\n<p><span style=\"color: #000000;\"><a style=\"color: #000000;\" href=\"https:\/\/nightanimation.com\/?page_id=718\"><img loading=\"lazy\" decoding=\"async\" class=\"aligncenter wp-image-284\" src=\"https:\/\/nightanimation.com\/wp-content\/uploads\/2018\/12\/truss.jpg\" alt=\"\" width=\"229\" height=\"114\" srcset=\"https:\/\/nightanimation.com\/wp-content\/uploads\/2018\/12\/truss.jpg 857w, https:\/\/nightanimation.com\/wp-content\/uploads\/2018\/12\/truss-300x149.jpg 300w, https:\/\/nightanimation.com\/wp-content\/uploads\/2018\/12\/truss-768x383.jpg 768w\" sizes=\"(max-width: 229px) 100vw, 229px\" \/><\/a><\/span><\/p>\n<p><span style=\"color: #000000;\"><a style=\"color: #000000;\" href=\"https:\/\/nightanimation.com\/?page_id=720\"><span style=\"text-decoration: underline;\">Alimentaire \/ mobiliers :<\/span><\/a><\/span><\/p>\n<p><span style=\"color: #000000;\">Barnum, table, chaise, vaisselle, machine pour petite restauration &#8230;<br \/>\n<\/span><\/p>\n<p><span style=\"color: #000000;\"><a style=\"color: #000000;\" href=\"https:\/\/nightanimation.com\/?page_id=720\"><img loading=\"lazy\" decoding=\"async\" class=\"aligncenter wp-image-285\" src=\"https:\/\/nightanimation.com\/wp-content\/uploads\/2018\/12\/percolateur-a-cafe-aroma-48-tasses-filtre-permanent.jpg\" alt=\"\" width=\"151\" height=\"151\" srcset=\"https:\/\/nightanimation.com\/wp-content\/uploads\/2018\/12\/percolateur-a-cafe-aroma-48-tasses-filtre-permanent.jpg 471w, https:\/\/nightanimation.com\/wp-content\/uploads\/2018\/12\/percolateur-a-cafe-aroma-48-tasses-filtre-permanent-150x150.jpg 150w, https:\/\/nightanimation.com\/wp-content\/uploads\/2018\/12\/percolateur-a-cafe-aroma-48-tasses-filtre-permanent-300x300.jpg 300w\" sizes=\"(max-width: 151px) 100vw, 151px\" \/><\/a><\/span><\/p>\n<p><span style=\"color: #000000;\"><a style=\"color: #000000;\" href=\"https:\/\/nightanimation.com\/?page_id=722\"><span style=\"text-decoration: underline;\">Vid\u00e9o :<\/span><\/a><\/span><\/p>\n<p><span style=\"color: #000000;\">Captation ou diffusion, nous pourrons r\u00e9pondre \u00e0 vos attentes !<\/span><\/p>\n<p><span style=\"color: #000000;\"><a style=\"color: #000000;\" href=\"https:\/\/nightanimation.com\/?page_id=722\"><img loading=\"lazy\" decoding=\"async\" class=\"aligncenter wp-image-292\" src=\"https:\/\/nightanimation.com\/wp-content\/uploads\/2018\/12\/video.jpg\" alt=\"\" width=\"156\" height=\"150\" srcset=\"https:\/\/nightanimation.com\/wp-content\/uploads\/2018\/12\/video.jpg 419w, https:\/\/nightanimation.com\/wp-content\/uploads\/2018\/12\/video-300x289.jpg 300w\" sizes=\"(max-width: 156px) 100vw, 156px\" \/><\/a><\/span><\/p>\n<p><a href=\"https:\/\/nightanimation.com\/?page_id=192\"><span style=\"color: #000000;\"><span style=\"text-decoration: underline;\">Packs :<\/span><\/span><\/a><\/p>\n<p><span style=\"color: #000000;\">Nous proposons des packs locations pour vos \u00e9v\u00e9nements, pack pr\u00e9d\u00e9fini ou personnalis\u00e9, vous avez des choix infinis.<\/span><\/p>\n<p><span style=\"color: #000000;\"><a style=\"color: #000000;\" href=\"https:\/\/nightanimation.com\/?page_id=192\"><img loading=\"lazy\" decoding=\"async\" class=\"aligncenter wp-image-584\" src=\"https:\/\/nightanimation.com\/wp-content\/uploads\/2021\/12\/20211113_1648031-scaled.jpg\" alt=\"\" width=\"191\" height=\"86\" srcset=\"https:\/\/nightanimation.com\/wp-content\/uploads\/2021\/12\/20211113_1648031-scaled.jpg 2560w, https:\/\/nightanimation.com\/wp-content\/uploads\/2021\/12\/20211113_1648031-300x135.jpg 300w, https:\/\/nightanimation.com\/wp-content\/uploads\/2021\/12\/20211113_1648031-1024x461.jpg 1024w, https:\/\/nightanimation.com\/wp-content\/uploads\/2021\/12\/20211113_1648031-768x346.jpg 768w, https:\/\/nightanimation.com\/wp-content\/uploads\/2021\/12\/20211113_1648031-1536x691.jpg 1536w, https:\/\/nightanimation.com\/wp-content\/uploads\/2021\/12\/20211113_1648031-2048x922.jpg 2048w\" sizes=\"(max-width: 191px) 100vw, 191px\" \/><\/a><\/span><\/p>\n<p><a href=\"https:\/\/nightanimation.com\/?page_id=856&amp;preview=true\">C&rsquo;JEUX EN BOIS<\/a><\/p>\n<p>Louez nos jeux en bois sur Amb\u00e9rieu-en-Bugey, Bourgoin-Jallieu, Belley, Bourg-en-Bresse<\/p>\n<p><a href=\"https:\/\/nightanimation.com\/?page_id=856&amp;preview=true\"><img loading=\"lazy\" decoding=\"async\" class=\"aligncenter wp-image-860\" src=\"https:\/\/nightanimation.com\/wp-content\/uploads\/2024\/04\/WhatsApp-Image-2024-04-06-a-14.03.30_b0036e1e.jpg\" alt=\"\" width=\"211\" height=\"95\" srcset=\"https:\/\/nightanimation.com\/wp-content\/uploads\/2024\/04\/WhatsApp-Image-2024-04-06-a-14.03.30_b0036e1e.jpg 1600w, https:\/\/nightanimation.com\/wp-content\/uploads\/2024\/04\/WhatsApp-Image-2024-04-06-a-14.03.30_b0036e1e-300x135.jpg 300w, https:\/\/nightanimation.com\/wp-content\/uploads\/2024\/04\/WhatsApp-Image-2024-04-06-a-14.03.30_b0036e1e-1024x461.jpg 1024w, https:\/\/nightanimation.com\/wp-content\/uploads\/2024\/04\/WhatsApp-Image-2024-04-06-a-14.03.30_b0036e1e-768x346.jpg 768w, https:\/\/nightanimation.com\/wp-content\/uploads\/2024\/04\/WhatsApp-Image-2024-04-06-a-14.03.30_b0036e1e-1536x691.jpg 1536w\" sizes=\"(max-width: 211px) 100vw, 211px\" \/><\/a><\/p>\n","protected":false},"excerpt":{"rendered":"<p>Retrouvez l&rsquo;ensemble de nos produits en location ! Location de mat\u00e9riel audiovisuel dans la r\u00e9gion de Amb\u00e9rieu-en-Bugey, Belley, Bourgoin-Jallieu, Bourg-en-Bresse, Lyon, Grenoble &#8230; La sonorisation : De la diffusion au &hellip; <\/p>\n<p class=\"link-more\"><a href=\"https:\/\/nightanimation.com\/?page_id=168\" class=\"more-link\">Continuer la lecture<span class=\"screen-reader-text\"> de &laquo;&nbsp;Location&nbsp;&raquo;<\/span><\/a><\/p>\n","protected":false},"author":1,"featured_media":0,"parent":0,"menu_order":0,"comment_status":"closed","ping_status":"closed","template":"","meta":{"footnotes":""},"class_list":["post-168","page","type-page","status-publish","hentry"],"_links":{"self":[{"href":"https:\/\/nightanimation.com\/index.php?rest_route=\/wp\/v2\/pages\/168"}],"collection":[{"href":"https:\/\/nightanimation.com\/index.php?rest_route=\/wp\/v2\/pages"}],"about":[{"href":"https:\/\/nightanimation.com\/index.php?rest_route=\/wp\/v2\/types\/page"}],"author":[{"embeddable":true,"href":"https:\/\/nightanimation.com\/index.php?rest_route=\/wp\/v2\/users\/1"}],"replies":[{"embeddable":true,"href":"https:\/\/nightanimation.com\/index.php?rest_route=%2Fwp%2Fv2%2Fcomments&post=168"}],"version-history":[{"count":83,"href":"https:\/\/nightanimation.com\/index.php?rest_route=\/wp\/v2\/pages\/168\/revisions"}],"predecessor-version":[{"id":930,"href":"https:\/\/nightanimation.com\/index.php?rest_route=\/wp\/v2\/pages\/168\/revisions\/930"}],"wp:attachment":[{"href":"https:\/\/nightanimation.com\/index.php?rest_route=%2Fwp%2Fv2%2Fmedia&parent=168"}],"curies":[{"name":"wp","href":"https:\/\/api.w.org\/{rel}","templated":true}]}}